when (-116)/(-2) - (9 + s) is divided by 20.
18
Suppose -6*n + 0*n + 336 = 0. Let q = n - 38. What is the remainder when 46 is divided by q?
10
Let n be 63/(1 + 2) - (12 - 8). Suppose n = -k - 5*l - 1, -l - 10 = -3*k. What is the remainder when 11 is divided by k?
1
Let q = -1358 - -1384. Calculate the remainder when 98 is divided by q.
20
Suppose 0 = -14*t - t + 2280. Let w = 238 - t. Calculate the remainder when w is divided by 6.
2
Let t = -57 + 136. Let u = -62 + t. What is the remainder when 29 is divided by u?
12
Suppose 1480 = 5*n - 735. Calculate the remainder when n is divided by 90.
83
Suppose 5*v - 123 = 67. Let o = -5478 + 5492. What is the remainder when v is divided by o?
10
Let k = 29 + -10. Let u = -391 + 761. Suppose 8*o - u = 3*o. What is the remainder when o is divided by k?
17
Suppose -5 = -h + 1. Suppose h*q = 2*q + 5*b + 11, -3*q - 4*b + 47 = 0. Let s = 41 - 8. Calculate the remainder when s is divided by q.
6
Suppose 4*l + v = l, 2*l = -4*v. Suppose 7*w - 10*w + 63 = l. Calculate the remainder when w is divided by 9 + 5/(-15)*3.
5
Suppose -20 = -2*k - 0. Suppose 0 = -2*l - 15 - 7. Let h = 29 + l. Calculate the remainder when h is divided by k.
8
Suppose -4*t + 249 = i, 0 = -4*t - 3*i + 6*i + 261. What is the remainder when t is divided by 4*5 - (-5 + 3)?
19
Let o = 1 + 3. Suppose 5*t - o*t - 64 = -3*b, 49 = 3*b + 4*t. Suppose -2*f = -27*p + 30*p - 24, 0 = p + 5*f - 8. What is the remainder when b is divided by p?
7
Suppose -2*k = 4*d + 36, 0 = -d - 3*d + 5*k - 22. What is the remainder when (1 + 0)/1 + 68 + d is divided by 21?
19
Suppose x - 98 = -17. Suppose -6*q + 191 = 107. What is the remainder when x is divided by q?
11
Let c(p) = -p - 2. Let r be -14 - ((-6)/12 - (-2)/(-4)). What is the remainder when 21 is divided by c(r)?
10
Suppose 3 = 3*i - 3. Suppose 2*n - i*m - 5 = 7, -24 = -2*n + 5*m. Suppose 36 = n*y - 0*y. What is the remainder when 51 is divided by y?
15
Let r(b) = b - 10 - 5 + 0*b + 6. Let g be r(11). Suppose g*d = d + 21. What is the remainder when d is divided by 11?
10
Let d = 8 + -4. Suppose 24 = d*b - g, -2*b - 3*b - 3*g = -13. Calculate the remainder when 32 is divided by b.
2
Suppose 4*r + 3*y - 1429 + 524 = 0, -5*y = -4*r + 881. What is the remainder when r is divided by 15?
14
Suppose -104 = -3*y + 4*m - 6*m, 116 = 3*y - 4*m. Calculate the remainder when 202 is divided by y.
22
Let y(u) = -4*u + 8*u + u**2 - 4 - u**3 - u**3 + u**3. Let v be y(2). Suppose 3*b - 30 = -v*b. Calculate the remainder when b is divided by 7.
3
Calculate the remainder when 659 is divided by (6/(-3) + 1)*221/(-13).
13
Suppose 9 = 2*n + 1, 3*n = 2*t - 2. What is the remainder when ((-700)/12)/t*-3 is divided by 9?
7
Let o = 99 + -92. Let j = -24 + 36. Suppose 65 = j*i - o*i. Calculate the remainder when 62 is divided by i.
10
Let i = 105 - 42. Suppose w - i = -2*w. Calculate the remainder when 103 is divided by w.
19
Suppose -4*y = x - 256, 54*x - 50*x + 64 = y. Calculate the remainder when y is divided by 18.
10
Suppose -15*q - 931 = -64*q. Calculate the remainder when 144 is divided by q.
11
Suppose -17*i - 9*i + 22*i = 0. Suppose -w - 4 = i, v + 3*w = -4 + 21. Calculate the remainder when v is divided by 10.
9
Suppose 16*z + 5 = 17*z. Suppose -z*a + 2*d = 12, -d - 1 = 2*a + 2. Calculate the remainder when 23 is divided by a/(-6)*-3*-8.
7
What is the remainder when 8*6/48*19 is divided by 8?
3
Let m(c) = -c**2 + 6*c + 25. Suppose q - 2 - 5 = 0. Let p(v) = -34*v. What is the remainder when p(-1) is divided by m(q)?
16
Let n(f) = f - 5. Let s be n(-5). Let l = s - -8. What is the remainder when 63 is divided by (330/105)/(l/(-14))?
19
Calculate the remainder when 3 - 6 - (-25 + -50) is divided by 14.
2
Let l = 31 - 27. Suppose 0 = 3*u + 12, l*u + 12 - 4 = -2*x. Let j(a) = -a**3 + 4*a**2 + 3*a + 2. Calculate the remainder when 55 is divided by j(x).
13
Let l = 633 - 462. Calculate the remainder when l is divided by 11.
6
Suppose 5*s + 0*r - 105 = r, -4*s + 55 = 5*r. What is the remainder when s is divided by 11?
9
Calculate the remainder when 1/((-48)/50 - -1) is divided by (2 - 7) + (18 - -90)/9.
4
Let y(g) = 0 - 24*g + 2*g - 4 + 2. Let r be y(-5). What is the remainder when 28 is divided by 4*(-3 + r/16)?
13
Suppose 0 = 10*a - 6*a + 8. Suppose 3*i - 6 + 9 = 0. Calculate the remainder when i*(-4 - 21) + a is divided by 8.
7
Let q be ((-159)/(-2))/1 + (-5)/(-10). Suppose 4*h - q = 3*u + 44, -80 = -2*h - 3*u. What is the remainder when 133 is divided by h?
31
Suppose -170 = -5*h - 5*u, -199*h - u + 148 = -195*h. Calculate the remainder when 224 is divided by h.
34
Suppose 5*s - 20 = 0, 2*a - 25 = 2*s + 11. What is the remainder when 728/(-21)*-3 - 12/(-3) is divided by a?
20
Suppose 7*s = 4*s + 90. Suppose 13*z + s = 19*z. What is the remainder when 19 is divided by z?
4
Suppose -4*j = c - 35, 10*j - 6*j = 3*c - 73. What is the remainder when 610 is divided by c?
16
Suppose -50 = -2*a + 6. Let c(h) = 3*h + 7. What is the remainder when c(5) is divided by 232/a - 2/7?
6
Let b be 94/(3/((-9)/3)). Let o = b - -104. Calculate the remainder when 14 is divided by o.
4
Suppose -5*m - 4*y + 1195 = 0, -4*m + 1205 = m + 2*y. What is the remainder when m is divided by 19?
15
Let v = 45 + 34. Let x(r) = 3*r**3 - 3*r**2 - 6*r + 20. Calculate the remainder when v is divided by x(2).
19
Let p(b) = 7*b - 64. Calculate the remainder when 15 is divided by p(11).
2
Suppose 2*o - 5*n - 37 = 0, -5 = -5*o - 14*n + 9*n. Calculate the remainder when 30 is divided by o.
0
Let j(f) = 27*f - 136. What is the remainder when j(6) is divided by 18?
8
Suppose 0 = 5*d + 563 - 1048. What is the remainder when d is divided by 5?
2
Let w(h) = -h**3 - 4*h**2 - 5*h - 5. Suppose q + 34 = 3*v + v, 5*v = -4*q + 53. What is the remainder when w(-4) is divided by v?
6
Let f be ((-486)/(-15))/((-3)/(-10)). Suppose 5*y = y + f. What is the remainder when y is divided by 138/9 + 2/(-6)?
12
Let n = 101 - 99. Suppose -n*h + 30 = 4*u, -3*u + 3*h + 11 = -7. Calculate the remainder when 25 is divided by u.
4
Let x(g) = -5*g**2 + 4. Let k be x(2). Let f = 25 + k. What is the remainder when 34 is divided by f?
7
Suppose 61*y = 63*y + 3*z - 571, 0 = 5*y - z - 1436. Calculate the remainder when y is divided by 17.
15
Suppose -6 = u - 4*u. Suppose 9 = u*a + c, 0*a + 3*a - 3*c - 18 = 0. What is the remainder when 17 is divided by a?
2
Let n = 224 + -185. Calculate the remainder when n is divided by 20.
19
Let d(h) be the first derivative of 88*h**3/3 - h**2/2 - h + 1. Let v(o) = 131*o - 2340. Calculate the remainder when d(-1) is divided by v(18).
16
Let o = -262 + 650. What is the remainder when o is divided by 65?
63
Let n = 443 + -410. What is the remainder when 97 is divided by n?
31
Let z = -86 - -173. Let p(h) = h**3 - 2*h - 6. What is the remainder when z is divided by p(3)?
12
Suppose -2*f + 243 = -5*l, -5*f + 17 + 538 = 5*l. Suppose -4*p = 2*w - 124, p + 128 = 5*p + 3*w. What is the remainder when f is divided by p?
27
Suppose 0 = x - 2*y - 8, -3*y + 76 = 322*x - 318*x. What is the remainder when 39 is divided by x?
7
What is the remainder when 294 is divided by 147 - 144 - -1*4*14?
58
Let l be 444/16 - 1/(-4). Suppose -b - 4*x = 42, -70 - l = 3*b - 2*x. Let g = b + 56. What is the remainder when g is divided by 12?
10
Suppose 18*l - 23*l = -1260. Let s = l + -150. What is the remainder when s is divided by 35?
32
Suppose 4*j = -0*j - 4. Let n = 1 - j. Suppose 5*q - 144 = n*q. What is the remainder when q is divided by 25?
23
Let m(t) = -t**3 + 18*t**2 + 21*t - 14. What is the remainder when 108 is divided by m(19)?
12
Let u(v) = -v**3 - 13*v**2 + 13*v + 52. What is the remainder when u(-14) is divided by 40?
26
Suppose -2791 + 397 = -63*h. Let m(a) = a**2 - 4*a - 2. Calculate the remainder when h is divided by m(6).
8
Let t = 140 - 85. Calculate the remainder when 108 is divided by t.
53
Let m = -51 - -104. Let b = 54 - 44. What is the remainder when m is divided by 3/4*36/15*b?
17
Let m = 275 + -193. What is the remainder when m is divided by (-1 - 91/(-26))*((-26)/(-10) + 3)?
12
Suppose 12*m = 30*m - 234. What is the remainder when 89 is divided by m?
11
Let x = -26 + 7. Let v = x + 41. What is the remainder when 85 is divided by v?
19
Let n(h) = h**3 - 3*h**2 -